3, 41, 271, 353, 433
What are the prime factors of 112973861?
7, 11, 13, 23, 701
What are the prime factors of 160930199?
1433, 112303
List the prime factors of 130157242.
2, 113, 173, 3329
What are the prime factors of 615924?
2, 3, 1901
What are the prime factors of 192305291?
192305291
List the prime factors of 1710392858.
2, 37, 23113417
List the prime factors of 3089915.
5, 617983
List the prime factors of 1964656278.
2, 3, 13, 19, 163, 2711
List the prime factors of 167975569.
29, 179, 32359
List the prime factors of 37536974.
2, 149, 125963
What are the prime factors of 54898562?
2, 19, 23, 2731
What are the prime factors of 503628207?
3, 53, 3167473
What are the prime factors of 319542928?
2, 19971433
List the prime factors of 334548191.
37, 787, 11489
List the prime factors of 330300667.
17, 149, 130399
What are the prime factors of 28009806?
2, 3, 11, 41, 941
What are the prime factors of 84644081?
43, 1968467
What are the prime factors of 5181501985?
5, 11, 23, 4096049
What are the prime factors of 8469320?
2, 5, 83, 2551
List the prime factors of 576128737.
576128737
List the prime factors of 2592617470.
2, 5, 17, 15250691
List the prime factors of 30500209.
67, 455227
List the prime factors of 111970783.
239, 431, 1087
List the prime factors of 1130201900.
2, 5, 41, 61, 4519
List the prime factors of 1384687412.
2, 359, 964267
What are the prime factors of 717657380?
2, 5, 11, 17, 311, 617
List the prime factors of 1154321243.
97, 107, 111217
What are the prime factors of 198988247?
17, 89, 131519
List the prime factors of 1099732749.
3, 19, 367, 52571
What are the prime factors of 38613210?
2, 3, 5, 29, 44383
What are the prime factors of 176752554?
2, 3, 11, 19, 59, 2389
What are the prime factors of 670737489?
3, 2621, 85303
What are the prime factors of 43993093?
17, 2587829
What are the prime factors of 686675850?
2, 3, 5, 7, 653977
List the prime factors of 8433463.
8433463
List the prime factors of 786718422.
2, 3, 7, 67, 13313
What are the prime factors of 386048789?
7, 523, 105449
List the prime factors of 641596818.
2, 3, 277, 386039
What are the prime factors of 6502702949?
6502702949
What are the prime factors of 3586341373?
59, 1489, 40823
What are the prime factors of 649753357?
11, 821, 71947
What are the prime factors of 1911260004?
2, 3, 159271667
List the prime factors of 211334424.
2, 3, 7, 223, 5641
List the prime factors of 78562836.
2, 3, 11, 198391
What are the prime factors of 163550502?
2, 3, 397, 2543
What are the prime factors of 2884695448?
2, 53, 73, 93199
What are the prime factors of 142373147?
7, 17, 1196413
What are the prime factors of 115431956?
2, 79, 365291
List the prime factors of 4935965849.
101, 48870949
What are the prime factors of 112252427?
7, 16036061
List the prime factors of 705331199.
853, 826883
What are the prime factors of 535881?
3, 178627
List the prime factors of 151002355.
5, 7, 479, 9007
List the prime factors of 43867466.
2, 19, 617, 1871
List the prime factors of 7288581270.
2, 3, 5, 43, 5650063
What are the prime factors of 122275775?
5, 97, 50423
What are the prime factors of 32325020?
2, 5, 7, 13, 17761
What are the prime factors of 450064036?
2, 59, 149, 12799
List the prime factors of 9420100.
2, 5, 94201
What are the prime factors of 4433747317?
31, 331, 432097
List the prime factors of 1536257284.
2, 1327, 289423
List the prime factors of 4043436274.
2, 73, 449, 61681
List the prime factors of 913494361.
13, 70268797
List the prime factors of 4275488765.
5, 855097753
What are the prime factors of 27477391?
223, 123217
What are the prime factors of 20064423?
3, 67, 99823
List the prime factors of 34151406.
2, 3, 2131, 2671
List the prime factors of 9859756.
2, 2464939
What are the prime factors of 46572465?
3, 5, 131, 137, 173
What are the prime factors of 465969029?
23, 31, 227, 2879
What are the prime factors of 3250264541?
3250264541
What are the prime factors of 2473915977?
3, 13, 71, 297811
List the prime factors of 6540132426.
2, 3, 89, 607, 20177
What are the prime factors of 23015354?
2, 11507677
What are the prime factors of 616242993?
3, 419, 490249
List the prime factors of 41964607.
31, 41, 137, 241
List the prime factors of 3949401798.
2, 3, 31, 7077781
List the prime factors of 7482941.
17, 19, 23167
List the prime factors of 1528013271.
3, 509337757
List the prime factors of 11563025.
5, 29, 41, 389
List the prime factors of 188617771.
17, 11095163
List the prime factors of 99750750.
2, 3, 5, 11, 107, 113
What are the prime factors of 7091944?
2, 886493
List the prime factors of 4300061640.
2, 3, 5, 7, 79, 9257
List the prime factors of 212505115.
5, 42501023
List the prime factors of 53054331.
3, 11, 17, 5563
What are the prime factors of 233184071?
233184071
List the prime factors of 7215087950.
2, 5, 7, 97, 461
List the prime factors of 83175866.
2, 17, 23, 106363
What are the prime factors of 41858574?
2, 3, 23, 303323
What are the prime factors of 83227188?
2, 3, 11, 31, 43
List the prime factors of 8031627.
3, 37, 89, 271
What are the prime factors of 216262623?
3, 149, 483809
List the prime factors of 498278028.
2, 3, 107, 388067
List the prime factors of 297923930.
2, 5, 1723, 17291
What are the prime factors of 126390417?
3, 42130139
What are the prime factors of 77181411?
3, 17, 1513361
What are the prime factors of 739111693?
23, 3929, 8179
List the prime factors of 31637637.
3, 29, 43, 2819
What are the prime factors of 444358269?
3, 983, 50227
What are the prime factors of 232895235?
3, 5, 467, 33247
What are the prime factors of 483050696?
2, 60381337
What are the prime factors of 3672725847?
3, 7, 43, 83, 49003
List the prime factors of 117557742.
2, 3, 41, 113, 4229
What are the prime factors of 607885786?
2, 303942893
List the prime factors of 6082241408.
2, 4201, 11311
List the prime factors of 80677107.
3, 7, 426863
What are the prime factors of 157648445?
5, 563, 56003
What are the prime factors of 266126717?
266126717
What are the prime factors of 168816728?
2, 21102091
What are the prime factors of 89843654?
2, 44921827
List the prime factors of 1591127715.
3, 5, 106075181
List the prime factors of 61268841.
3, 6807649
What are the prime factors of 15819697?
15819697
What are the prime factors of 406200856?
2, 17, 487, 6133
List the prime factors of 13286923.
13, 1022071
What are the prime factors of 139185889?
139185889
List the prime factors of 1344644978.
2, 277, 2427157
What are the prime factors of 6482464644?
2, 3, 419, 1289273
What are the prime factors of 6104518469?
7, 872074067
What are the prime factors of 85928735?
5, 19, 904513
List the prime factors of 354972403.
131, 2709713
What are the prime factors of 818431752?
2, 3, 1187, 28729
What are the prime factors of 499749022?
2, 617, 404983
What are the prime factors of 23077630?
2, 5, 2307763
List the prime factors of 1897036884.
2, 3, 263, 200363
List the prime factors of 43462378.
2, 41, 61, 8689
What are the prime factors of 111237288?
2, 3, 1399, 3313
What are the prime factors of 69694465?
5, 41, 359, 947
What are the prime factors of 770251374?
2, 3, 19, 653, 3449
List the prime factors of 783558115.
5, 61, 163, 15761
What are the prime factors of 22282845?
3, 5, 13, 229, 499
What are the prime factors of 43679009?
11, 3970819
What are the prime factors of 4836436011?
3, 11, 79, 653, 947
What are the prime factors of 19757876?
2, 17, 290557
What are the prime factors of 1487162418?
2, 3, 7, 67, 528487
What are the prime factors of 479514448?
2, 7, 31, 167, 827
List the prime factors of 76199683.
7, 10885669
List the prime factors of 230963492.
2, 43, 103, 13037
What are the prime factors of 1314948139?
613, 2145103
List the prime factors of 63310890.
2, 3, 5, 17, 124139
What are the prime factors of 182527157?
307, 594551
What are the prime factors of 2697724094?
2, 13, 37, 71, 127, 311
List the prime factors of 22549730.
2, 5, 7, 322139
What are the prime factors of 62028517?
62028517
List the prime factors of 3093779.
13, 17, 13999
List the prime factors of 5261743052.
2, 103, 12771221
List the prime factors of 95670527.
95670527
List the prime factors of 538753630.
2, 5, 17, 197, 16087
What are the prime factors of 542031117?
3, 180677039
What are the pr